742*n = -1747*n + 90, 0 = 3*a - 5*n - 150. Let i = 150 - 50. Calculate the greatest common divisor of a and i.
20
Let q(n) = 1 + 5*n - n**2 + 4 - 6. Let r be q(5). Let u be (r/3)/(8/(-288)). Calculate the highest common divisor of u and 12.
12
Let j be ((-4)/((-48)/(-117)))/((-6)/32). Suppose -3*t + 0*t + 117 = 0. Suppose -2*b - b + t = 0. What is the greatest common divisor of j and b?
13
Suppose 4*k - 406 = -2*p + 4*p, 91 = k + 3*p. Let m = k - 70. What is the greatest common factor of 40 and m?
10
Let i(v) = v**3 + 13*v**2 + 14*v + 13. Let n be i(-12). Let j = -7 - n. Let m be (2/(-2) - j)*-32. What is the highest common factor of 16 and m?
16
Let z = -200 + 270. Calculate the greatest common factor of z and 245.
35
Let l = -53 + 93. Suppose 0 = 5*x - 4*b - l, -6*x + 2*x + 32 = 5*b. Let r = x + 16. What is the greatest common divisor of r and 6?
6
Suppose -3*x - 3*z + 351 = 0, z - 191 = 3*x - 522. Calculate the highest common factor of 504 and x.
56
Let r be -3*(-4 - (-32)/12). Suppose 2*d = j + 162, -2*d - r*j - 21 + 173 = 0. Calculate the greatest common factor of 32 and d.
16
Let h(w) = -10*w + 6. Let t(c) = -c**2 + 10*c - 25. Let v be t(5). Let f be h(v). Calculate the highest common divisor of 30 and f.
6
Let r = 6 - 4. Suppose -5*f + 0*t + 46 = -r*t, -20 = -4*f - 4*t. Calculate the highest common factor of f and 8.
8
Let g(v) = v**3 - 7*v**2 + 7*v + 3. Let r be g(6). Let f(p) = -p**3 - 3*p**2 - 2*p - 15. Let h be f(-5). Calculate the greatest common factor of r and h.
9
Let o = -27 + 79. Let m = 63 - o. What is the greatest common factor of 77 and m?
11
Let i = -406 + 518. Calculate the greatest common divisor of 7 and i.
7
Let c(x) = -2*x**3 + x**2 - x + 3. Let d be c(3). Let a = -43 - d. Calculate the highest common divisor of a and 1.
1
Let m(s) = 5*s**2 + 4*s + 5. Let f be m(6). Let b(l) = -l**2 + 13*l - 23. Let u be b(7). What is the highest common factor of f and u?
19
Let c be (-9 - -6)*4/(-3). Suppose c*g - 4 = 12. Let m = -15 + 35. What is the greatest common factor of g and m?
4
Suppose 24*u - 29*u + 490 = 0. What is the highest common divisor of 2 and u?
2
Suppose -260 = -7*h + 2*h. Suppose 344 = 4*i - h. Calculate the highest common divisor of i and 33.
33
Suppose 20*t = 674 - 74. Calculate the highest common factor of t and 135.
15
Suppose 5*r = -3*i + 213, -4*r + 5*i = 6*i - 169. Suppose 257 = 4*k + 3*h - 2*h, h - 320 = -5*k. What is the highest common divisor of r and k?
21
Suppose -25 = -5*z, -3*a + 4*z + 23 = -353. What is the highest common divisor of a and 99?
33
Suppose 3*r + 64 = r. Let u = 68 + r. What is the greatest common factor of 90 and u?
18
Suppose 2*t + 96 = -3*d - 174, t + 142 = 2*d. Let r = 338 + t. Let w = 312 - r. What is the highest common factor of 28 and w?
28
Suppose -5*u = -5*v + 5, 7*v = 3*v + 4. Suppose u = -c + 4*o + 9, c + 2*c - 1 = -o. Calculate the highest common factor of 2 and c.
1
Suppose -t = 13*t - 24948. Calculate the highest common divisor of t and 27.
27
Suppose 2*m - 53 + 6 = -5*n, -5*m + 5 = 0. Suppose 0 = -w - 3*p - n, 0*p + 14 = 2*w - 2*p. Suppose -1 = j - w. Calculate the highest common divisor of 4 and j.
2
Let j = 9 + -6. Let s(l) = 14*l. Let k be s(j). Suppose -12 = -4*w, 4*g + 0*g - 12 = 4*w. Calculate the highest common factor of k and g.
6
Let g = -64 + 39. Let h = g - -32. What is the greatest common divisor of 1 and h?
1
Let d(i) = 27*i - 158. Let c be d(8). Let w = -7 - -7. Suppose -4*n - 3*b + 342 = w, -2*b + 180 = 2*n - 5*b. Calculate the greatest common divisor of n and c.
29
Let t be (-4)/(-14) - (-136)/14. Suppose -4*y + 10 = -t. Calculate the highest common divisor of y and 45.
5
Suppose 5*l - 247 = r, 10*l - r - 47 = 9*l. Calculate the highest common factor of l and 1025.
25
Let n(u) = u**3 - 6*u**2 + 5*u - 6. Let o be n(6). Suppose q = -2*q + o. Let k be q/6 - 55/(-15). What is the highest common factor of 20 and k?
5
Let l = 778 - 761. Let u = -20 + 37. What is the highest common factor of l and u?
17
Let u(c) = 32*c - 75. Let a be u(6). Calculate the highest common divisor of a and 26.
13
Suppose 2*z = -6 + 22. Let a(y) = 2*y**2 - 2. Let n be a(-5). Suppose -3*i - n = -6*i. Calculate the highest common factor of i and z.
8
Suppose z + 0*z + 141 = 0. Let v be (0 - 4)*z/6. Suppose -x + v = -60. What is the highest common factor of x and 14?
14
Let a(p) = -2*p**3 + 12*p**2 - 12*p + 34. Let c be a(5). Let b be (-6 - 0)/(2/(-4)). What is the highest common divisor of c and b?
12
Suppose 4*v = -4*t + 180, -12*v - 5*t = -10*v - 105. What is the highest common factor of 8 and v?
8
Suppose -20*m - 88 = -1828. Calculate the greatest common factor of 203 and m.
29
Let g = 604 + -602. What is the greatest common factor of g and 226?
2
Suppose 442 = 31*z - 1728. Suppose -w + 3*v = -5*w - 2, -5*w + v = 12. Let b be w/(-4)*22 - 1. What is the greatest common divisor of b and z?
10
Suppose h = 22 + 2. Let a be 27 + (0 - (-2 - -3)). Suppose -y + 10 = -a. What is the greatest common divisor of y and h?
12
Let r(a) = 123*a - 4. Suppose 5*v = -3*v + 8. Let h be r(v). What is the greatest common factor of 17 and h?
17
Let f be 0 + 23 - (-32)/(-7 - 1). Calculate the highest common factor of f and 152.
19
Let s = 22 + -19. Suppose 2*w - 6 - 63 = -3*a, -s*a = -2*w + 39. Suppose -g = 2*g - 9. Calculate the highest common factor of w and g.
3
Suppose -3*i = 2*b - 8*i - 26, 0 = -2*b - 2*i + 54. Let l = 47 - b. Suppose 5*j - 180 = 2*j. What is the highest common factor of j and l?
12
Suppose 0 = 2*t - 179 - 283. Calculate the greatest common divisor of 21 and t.
21
Let k be (-5)/(-15) - (-3 - 42/9). Suppose -k*r = -137 - 311. Calculate the greatest common factor of r and 140.
28
Suppose 0 = 2*f + 2*f - 28. Let k(z) = -z**2 - 6*z - 1. Let x be k(-6). Let c be 740/15 - x/(-3). What is the highest common divisor of f and c?
7
Let v be -1*16*8/(-40)*5. What is the greatest common divisor of 100 and v?
4
Suppose 2*j + 4*y = 18, -j - 4*y - 12 = -5*j. Suppose -4*o + 140 = -j*g, 44 = o - 3*g + 4*g. Calculate the highest common factor of o and 5.
5
Let k = 203 - 189. Suppose w + 94 = 5*x, -x = -4*w - 13 - 2. Let n = x - -9. Calculate the highest common divisor of n and k.
14
Let y be (-2160)/56*14/(-3). Calculate the highest common factor of 40 and y.
20
Let q(r) = r**2 - 4*r + 5. Let f be q(4). Let h = 86 - 41. What is the highest common divisor of h and f?
5
Let o(g) = 74*g + 192. Let l be o(0). Calculate the highest common divisor of l and 12.
12
Suppose 0 = -v - 2*l + 98, 175 = v + v - 3*l. Suppose -v = -5*t - 3*s, 46 + 34 = 4*t - 4*s. Let y = -303 + 512. What is the highest common divisor of t and y?
19
Let q(y) = -y**3 - 12*y**2 + 7*y - 10. Let n be q(-13). Calculate the highest common factor of n and 748.
68
Let x(n) = -9*n - 196. Let k be x(-22). Let w be 3*2*2/(-6). Let m be 22/2 - w/(-2). Calculate the highest common factor of m and k.
2
Suppose -x + 5 = -8. Let b be 1/2 + (-50)/(-4). What is the greatest common divisor of x and b?
13
Let o be 72/14*(-322)/(-4). Calculate the highest common divisor of o and 1104.
138
Suppose -5*k + 5*y + 44 = -2*k, -5*k + 3*y = -84. Let t be 2 + (3 - -124) - (-15)/(-5). What is the highest common divisor of k and t?
18
Suppose -264 = -4*p - w - 53, w - 159 = -3*p. Suppose t = -t + p. What is the greatest common divisor of 13 and t?
13
Suppose -58 - 24 = -2*v. What is the highest common divisor of 2214 and v?
41
Let u = 36 - 33. Suppose 0 = -5*z - 20, 24 + 26 = u*n - 5*z. Suppose -14*r + 88 = -n*r. Calculate the highest common divisor of r and 11.
11
Let g = -484 + 960. Calculate the highest common divisor of g and 56.
28
Let q = -4 + 5. Let r(y) = -y + q + 2 + 0*y. Let n be r(-11). Calculate the greatest common factor of n and 70.
14
Suppose -19 = -5*v - b, -b + 21 = 4*v - 6*b. Let d(f) be the first derivative of f**2 + 8*f - 18. Let z be d(-3). What is the greatest common factor of v and z?
2
Suppose -20*w + 3990 = 10*w. Calculate the highest common divisor of 98 and w.
7
Suppose 0 = -4*h - 5*z + 336, -2*h - 12*z + 146 = -15*z. Calculate the greatest common divisor of h and 1027.
79
Let c(b) = b**3 + 8*b**2 + 10*b + 7. Let o be c(-6). Suppose o*m - 13*m = 1242. What is the greatest common divisor of 23 and m?
23
Let v be (2*12)/(5 - 3). Let q = -